t s(h) be the first derivative of -1/2*h**2 + 4*h - 3. What is s(l)?
0
Suppose -30 = -14*x + 9*x. Let r(t) = t + 1. Determine r(x).
7
Let k be ((-1)/(-2))/(3/(-18)). Let z(l) = 11*l - 12. Let t be -6*(0 - 1)/1. Let i(x) = 2*x - 2. Let m(c) = t*z(c) - 34*i(c). Calculate m(k).
2
Let u(m) = -4*m**2 + m**2 + 6 + m**3 - 2 - 4*m + 2. Give u(4).
6
Let b(v) = -2*v**2 + 3*v - 3. Suppose -6*i + 1 = -11. What is b(i)?
-5
Suppose -1 - 15 = -4*d. Let r(o) = o**2 + 4*o - 5. Let s be r(2). Let c(f) = -s + 3 + d*f + 3 + 5*f. Calculate c(1).
8
Let m(z) = z**3 + 2*z**2 - 2*z - 3. Let f(n) = -n + 0 + 1 - 4*n + 1. Let b be f(1). Calculate m(b).
-6
Let x(s) = -11*s + 6. Let l(t) = 5*t - 3. Let w(q) = 9*l(q) + 4*x(q). Suppose -3*d + 20 = 4*o, 3*o + 2*d - 5*d = -6. Determine w(o).
-1
Let r(b) = -12*b**3 - b - 1. Let t(i) = -i**3 - 3*i**2 - i + 2. Let g be t(-2). Suppose g = -2*x - 2. Calculate r(x).
12
Let l(b) = 2*b**2 + 3*b. Let o be (-144)/63 - (-2)/7. What is l(o)?
2
Let q(l) = -2*l**2 - 4*l + 3. Let p be 2/16 - (-328)/(-64). Give q(p).
-27
Let f(i) = -6*i + 12. Let n(z) = 4*z - 8. Let h(d) = 5*f(d) + 8*n(d). Determine h(6).
8
Let r(m) = 3*m**2 + m - 6. Suppose 9 = -0*j + j - 2*h, -j - 4*h - 3 = 0. Let u(q) = -5*q**2 - 2*q + 9. Let t(s) = j*u(s) + 8*r(s). Calculate t(-2).
-3
Suppose 3*r - 18 + 3 = 0. Let w(k) = -6*k**3 - 4*k**2 + 2*k + 7. Let g(n) = -n**3 - n + 1. Let i(v) = r*g(v) - w(v). Calculate i(-5).
8
Let n(f) be the first derivative of -f**3/3 + f**2/2 + f - 5. What is n(3)?
-5
Let l(z) = -z. Let t(k) = -3*k + k - 2 - 9 + 3. Let a(h) = 3*l(h) - t(h). Determine a(5).
3
Let w(y) = -2*y - 1 + 2 + 3*y**2 + 1. Let m(z) = z**2 - z + 1. Let b(a) = 2*m(a) - w(a). What is b(1)?
-1
Let u(o) = o - 1. Let l be -1*(2 - 1)*0. Suppose -4*s - s - 15 = l. Determine u(s).
-4
Let n(g) = g**2 + 5*g. Suppose 18 = -4*w + 2*o + 8, o = -3*w - 20. Calculate n(w).
0
Suppose -j = 5*p + 1 - 21, -4*p + 7 = -j. Let c(n) = n**2 - 8*n + 4. Give c(j).
-11
Suppose -8*d = -3*d - 10. Let c(g) = -1 + 1 + 5*g**d - g. Let i = -2 - -1. Determine c(i).
6
Let s(j) = -4 + j + 4 + j**2 + j**3. Suppose 7*a + 8 = 1. Determine s(a).
-1
Let k(j) = j**2 - 2*j + 12. Let v(o) = o**2 + o + 1. Let s(z) = k(z) - 2*v(z). Give s(-7).
-11
Let b(m) = 2*m - 3. Let w be b(2). Let t(o) = -o + 5*o + 2*o**2 - o**2 - w. Let j(r) = -r**2 + 7*r - 5. Let n be j(7). Calculate t(n).
4
Let q(l) be the first derivative of -l - 2/3*l**3 + l**2 + 3 - 3/4*l**4. Suppose 0 = -3*k + 2 + 1. Give q(k).
-4
Let k(z) = -5*z**3 + 2*z**2 + 7*z + 4. Let b(m) = 9*m**3 - 4*m**2 - 13*m - 8. Let h(v) = 4*b(v) + 7*k(v). Calculate h(3).
-4
Let t(w) = 5*w**3 + 2*w**2 + 2*w + 1. Let a be 0 + 3 + (0 - 1). Let f = 22 - 16. Suppose -4*i + a = f. What is t(i)?
-4
Let u(k) = -6*k**2 + 7 + 2*k - k + 5*k**2 + 6*k. Let a be u(7). Let j(c) = 2*c - 8. Calculate j(a).
6
Let g = 188 - 187. Let k(o) = -8*o**2 + 1. Calculate k(g).
-7
Let h(j) be the second derivative of -j**5/20 - j**4/4 + j**3/3 - j**2/2 - j. Give h(-3).
-7
Let c(z) = -6*z**2 - 2*z + 1. Let k be -1 + (-2)/10 + 110/50. Determine c(k).
-7
Let w(v) = 2*v**3 + 8*v**2 + v + 7. Let b(u) = 3*u**3 + 15*u**2 + u + 14. Let l(r) = -3*b(r) + 5*w(r). Determine l(5).
3
Let q(o) be the third derivative of o**4/24 - o**3/3 + 31*o**2. Calculate q(-5).
-7
Let w(r) = r**2 - 2*r**2 - 1 + 6*r**2 + 2*r. Let f(t) = -t**3 - 9*t**2 + 11*t + 14. Let u be f(-10). Suppose -4*h = n + h - 1, h + 4 = u*n. Calculate w(n).
6
Let l = 77 - 75. Let n(g) = -3*g + 1. What is n(l)?
-5
Let y be 8/(-12)*3/(-2). Let z(s) = -s**3 + 2*s**2 - s. Let q be z(y). Let h(w) = w - 1 + 0 + q. Determine h(4).
3
Suppose 3*t + 12 = -0*t. Let x = t - -8. Let m(a) = -a**3 + 3*a**2 + 5*a - 6. What is m(x)?
-2
Suppose -5*p - 4 = 2*d - 33, -p - 4*d + 13 = 0. Let u(b) = -4*b**2 + 2*b. Let c(v) = 2*v**2 - v. Let f(a) = p*c(a) + 2*u(a). Give f(2).
6
Suppose 2*n - 4 = -2*n. Let g(t) be the first derivative of -t**6/45 + 2*t**3/3 + 1. Let i(q) be the third derivative of g(q). What is i(n)?
-8
Let i(c) = 2*c + 4. Let j = 67 + -70. Give i(j).
-2
Let x(k) = 14*k**3 - 8*k**2 + 2*k - 7. Let z(q) = q**3 - q**2 - 1. Let u(s) = x(s) - 6*z(s). Determine u(1).
7
Let s(f) = -f**3 - 2*f**2 + f + 1. Suppose 5*d + 30 = 5*x, -2*x + 0*x - 16 = 5*d. Suppose v = -4*v + 20. Suppose x = j + 2*z - 0*z, v*j = -4*z. Determine s(j).
-1
Let n(l) be the first derivative of 5 - 9/2*l**2 - l. Give n(1).
-10
Let t(g) be the third derivative of 0*g**3 + 0*g + 0 - 3*g**2 - 1/24*g**4. What is t(5)?
-5
Let j(x) = 2*x. Suppose 8*a = 11*a + 6. Determine j(a).
-4
Let c(o) = -o**2 - 3*o + 1. Let h be c(-2). Suppose -3*p + 2*d = -13 + 2, -5*p + 17 = -2*d. Let k(q) = -4 - q**2 - q**p + 3*q**2 + 5*q + 0. Determine k(h).
2
Let s(d) = 16*d - 10. Let y(n) = 11*n - 7. Let r(l) = 5*s(l) - 7*y(l). Let v = 2 + -4. Give r(v).
-7
Suppose -d = -2*d + 2. Let f be d/(-3) + (-51)/(-9). Let y(o) = -6 + 2 - 6*o + 0*o**2 + o**3 - f*o**2. Calculate y(6).
-4
Let u = -16 + 28. Suppose -2*x - 12 = d, -4*x + 0*d = -d + u. Let y(a) = a**2 + 8*a + 5. Determine y(x).
-11
Let t(q) = -2*q**3 - 19*q**2 - 11*q. Let u(w) = w**3 + 9*w**2 + 5*w. Let p(o) = -4*t(o) - 9*u(o). Suppose 23 = -3*j + 3*h + h, -4*h = -j - 13. Calculate p(j).
5
Let m(r) = -5*r**3 + r**2 - r - 1. Let t be m(-1). Let g(n) = n - 2*n + 0*n + 0 - t. Determine g(-5).
-1
Let t be -2 + 5/(15/(-9))*1. Let c(j) = -j**2 - 6*j - 1. What is c(t)?
4
Let g(a) = a**2 - 3*a - 2*a**3 + a**3 + 4*a + 7. Let i = -14 - -11. Let m be 0*1/i*-3. What is g(m)?
7
Let u(o) = -8*o**2 + 4*o**2 - 6 - o**3 - o**2 + 5*o. Let k(c) = c**2 - 5*c. Let z be k(4). Let i(q) = q**2 + 6*q + 2. Let p be i(z). Calculate u(p).
0
Suppose 3*y = 3*j + 4*y + 2, j - y = 2. Suppose j = -10*u + 7*u + 3. Let p(k) = -k**3 + k. Give p(u).
0
Let j(q) be the third derivative of -q**6/120 + q**5/60 - q**4/24 + 5*q**3/6 - q**2. Let n = 6 + -4. Suppose -4*h - 16 = 4*v, h = -n*v - 4 - 0. Give j(v).
5
Let l be 12*2*3/12. Let i = l + -10. Let c(a) = -a - 7. Determine c(i).
-3
Let k be 20/6*(-156)/(-130). Let s(o) = -4*o + 6. What is s(k)?
-10
Let r(a) = -7*a**2 + 7*a + 1. Let f(j) = 13*j**2 - 14*j - 1. Let g(s) = 6*f(s) + 11*r(s). Calculate g(4).
-7
Let r = -25 + 30. Let u(o) = 3*o - 5. Determine u(r).
10
Let l(w) be the third derivative of -w**4/12 + w**3/3 + 3*w**2. Give l(5).
-8
Suppose -4*m + 0*m = -8. Suppose 0 = s + m + 2. Let i(r) = r**3 + 4*r**2 - r - 4. Give i(s).
0
Let d(t) = -t**3 + 5*t**2 - 2. Let b = 108 - 104. What is d(b)?
14
Suppose 5*w = 4*i - 36, -3*i - 5*w - 5 = 3. Suppose f = -i*f + 25. Let b = f - 3. Let p(n) = 3*n**2 - 3*n + 1. What is p(b)?
7
Let o(y) be the third derivative of y**6/120 - y**5/15 - 7*y**4/24 + y**3/2 + y**2. Suppose 0 = -4*t - 5*w + 37 - 7, -5*w - 10 = -4*t. Determine o(t).
-7
Let v(d) be the third derivative of d**4/12 + d**3/6 - 9*d**2. Let g(k) = k + 2. Let l be g(-10). Let x = 11 + l. Determine v(x).
7
Let u(t) = t. Let l(b) = -b + 8. Let s(f) = l(f) + 2*u(f). Let q be s(-6). Let m(p) = 3*p + 3*p + 0*p - 3. Calculate m(q).
9
Suppose m = 3*m + 8. Let b = m + 2. Let o(c) = c - 5 + 3 + 3 - c**2. What is o(b)?
-5
Let r be (-24)/28*1*-7. Let u(f) = r + 6*f**3 - 8*f - 4*f**3 + 5*f**2 - 3*f**3 + 4*f**2. Determine u(8).
6
Let g be -1 - (2 + 36/(-3)). Let i(p) = 15*p + 0*p**2 - 3 - p**2 - g*p. Give i(5).
2
Let r(w) = w + 5. Let x = 6 + -6. Let s be 2*(-1 - x) + 6. What is r(s)?
9
Let t(c) be the second derivative of c**3/6 - 5*c**2/2 - 5*c. Let x be t(5). Let v(r) = -r + 1. Let k(q) = 7*q + 6. Let j(s) = -k(s) - 6*v(s). Give j(x).
-12
Let z = 6 + -8. Let b be 4*(-1)/z + -7. Let i(k) = -1. Let u(h) = h. Let q(g) = 2*i(g) + u(g). What is q(b)?
-7
Let n be (6*1)/(6/(-4)). Let c(s) be the third derivative of s**5/60 + s**4/24 - 2*s**3/3 + 49*s**2 + 1. Give c(n).
8
Let r be (1 - 1) + (-6)/4*-6. Let a(z) = -z**3 + 9*z**2 + z - 4. Determine a(r).
5
Let o(k) = k**2 - 8*k + 7. Let t = 0 - -6. Calculate o(t).
-5
Let k(x) = -x**2 + 4. Let a be k(3). Let j(w) = -w**2 - 5*w + 3. Determine j(a).
3
Let j(g) = -g**3 + g**2 + g + 1. Suppose -15 + 6 = 5*x - 2*u, 0 = u - 2. Give j(x).
2
Let x(u) be the first derivative of -3*u**4/2 - 2. Determine x(-1).
6
Let j be -4*(-2 + 15/20). Let f(r) = r**2 - r - 6. Calculate f(j).
14
Suppose v + 5*u + 19 = 0, 2*v + 3*u = 2*u - 11. Suppose j + 5*p - 1 